- 2*p, 16 = -3*p + 4. Suppose 0 = 4*g - r*c + 15, -4*c + 6 = -3*g - 0. Calculate the remainder when 26 is divided by 8/g*(-84)/8.
12
Suppose 0*y + 26 = -2*x + 2*y, 4*y - 28 = 2*x. Let i = x - -20. Calculate the remainder when 29 is divided by i.
5
Let v = 37 + -52. Calculate the remainder when 3/(-5) - 159/v is divided by 3.
1
Suppose 267 = 3*p + 90. Calculate the remainder when p is divided by 20.
19
Let t = 144 - 81. What is the remainder when t is divided by 16?
15
Let b(l) = l**2 - 2*l + 1. Let f = -210 + 212. Calculate the remainder when b(3) is divided by f.
0
Let l = 2 - -1. Suppose l*z = -36 + 138. What is the remainder when z is divided by 18?
16
Calculate the remainder when 50 is divided by 16 + (2 + 4/(-2) - -2).
14
Suppose -5*l = -0*l - 125. Let r(x) = -x**3 - 6*x**2 + 7*x - 7. Let a be r(-8). Suppose -n = -6*n + a. What is the remainder when l is divided by n?
12
Suppose 0 = -5*d + 3 - 13. What is the remainder when 6/((-8)/(-3) + d) is divided by 3?
0
Let u(b) = -4*b - 8. Let n be u(-4). Let i = 11 - n. What is the remainder when 10 is divided by i?
1
Let a be (-16)/6*21/14. What is the remainder when 22 is divided by (-16)/(2*4/a)?
6
Suppose 2*o = -d + 31, 0 = -2*d - o + 19 + 40. Calculate the remainder when 84 is divided by d.
26
Calculate the remainder when ((-16)/(-12))/((-4)/(-6)) - -36 is divided by 20.
18
Suppose 3*n = 2*n + 33. What is the remainder when 94 is divided by n?
28
Let q(p) = -20*p**3 - p - 1. What is the remainder when 38 is divided by q(-1)?
18
Suppose 0 = -21*d + 33*d - 96. Calculate the remainder when 31 is divided by d.
7
Let y = -66 - -98. Calculate the remainder when y is divided by 9.
5
Let d(z) = -z**3 - 3*z**2 + 4*z - 7. Suppose 7*k - 10 = 9*k. What is the remainder when d(k) is divided by 6?
5
Let b = -18 + 39. Calculate the remainder when b is divided by 6.
3
Suppose 5*a + 13 = 2*b, 4*b - 16 - 25 = -5*a. Let g = b + 4. What is the remainder when 62 is divided by g?
10
Let i(y) = y**3 + 8*y**2 - 4*y + 7. Suppose -145 = -5*t - 5*p, p - 5*p = 0. What is the remainder when i(-7) is divided by t?
26
Calculate the remainder when -3*((-795)/9)/5 is divided by (-228)/(-16) + 2/(-8).
11
Suppose -4*s + 5*w = -68, 4*w + 29 = 3*s - 23. Suppose -s = -2*p + 2. Calculate the remainder when p is divided by 5.
2
Suppose 4*f + 0*f - 24 = 0. Let v be (-3 - -5)/2 - -10. Let w = -2 + v. What is the remainder when w is divided by f?
3
Suppose -2*i = 3*p - 523, 0 = p - 3*p + 2*i + 332. Suppose 39 + p = 5*z. Calculate the remainder when z is divided by 11.
9
Let p(h) = h**2 - 6*h - 3. Let z be p(5). Suppose 2*s - 4 = -0*s + q, -3*q = -s + 2. What is the remainder when 6/z*(-6 - -2) is divided by s?
1
What is the remainder when 9 is divided by 8 - 5 - -3*1?
3
Let r be 9*(10/(-6) - -2). Suppose r*w + 2*y = 21, 4 = 2*w - y - y. Calculate the remainder when 1/(2/(36 - -2)) is divided by w.
4
Calculate the remainder when 0 + (-1)/3 - (-2464)/66 is divided by 11.
4
Suppose 20 = 3*c - 67. Suppose -5*g - 9 = -c. Suppose -g*x = -5*x + 16. What is the remainder when 46 is divided by x?
14
Let c(y) = 2*y - 3. Let o be c(4). Let w = 256 + -125. Suppose -4*a + o = -w. Calculate the remainder when a is divided by 18.
16
Suppose 2*q - 5*q = 0. Suppose q = 4*x + 44 - 200. What is the remainder when x is divided by 20?
19
Let s(j) = j + 0*j + 3*j**2 - j**2 + 4. Let x(u) = u**3 + 8*u**2 + 7*u - 4. Let p be x(-7). What is the remainder when s(p) is divided by 11?
10
Suppose 376 = 16*l - 8*l. What is the remainder when l is divided by 25?
22
Let t(y) = 2*y**3 - y**2 + 5*y - 1. What is the remainder when 39 is divided by t(2)?
18
Suppose -3 = -3*w + 3. Calculate the remainder when 6 is divided by w.
0
Suppose -4*i + y - 4*y = -74, -i + 3*y + 11 = 0. What is the remainder when i is divided by (-1)/(20/(-8))*25?
7
Let p = -91 - -99. What is the remainder when 52 is divided by p?
4
Let c = -104 + 155. Suppose -5*u + 17 = 5*z - 4*z, -3*z = -5*u - c. What is the remainder when z is divided by 9?
8
Let s = 22 + -13. Suppose 0 = -0*d + 3*d - s. Suppose -192 = -0*y - d*y. What is the remainder when y is divided by 22?
20
Suppose -5*l + 10*l = 15. Let j = -5 + l. What is the remainder when 8 is divided by (j + 7)/((-1)/(-1))?
3
Suppose w + 0 = 1. What is the remainder when 7 is divided by (-34)/(-8) - w/4?
3
Suppose -2*i + 2*h - 42 = -206, -3*i = 4*h - 274. Calculate the remainder when i is divided by 29.
28
Let k be -13 + (1 - (-3 - -1)). What is the remainder when 28 is divided by (k/6)/((-8)/72)?
13
Suppose -9*b + 135 + 432 = 0. What is the remainder when 187 is divided by b?
61
Let l(d) = -d**2 + 7*d + 3. Let r be l(6). Suppose 4 = 4*j, 0 = -u + 5*j + 4 - r. Suppose 0 = -u*s + 4*s - 136. What is the remainder when s is divided by 12?
10
Suppose 4*d - 2*b - 127 = b, d - 33 = b. What is the remainder when 82 is divided by d?
26
Let w(u) = u**2 - 8*u. Let r be w(8). Let m be 93/(-2)*(-48)/36. Suppose -2*q + q + m = r. Calculate the remainder when q is divided by 21.
20
Let a(v) = -v**2 + 14*v + 5. Suppose -2*i - 4*u = -44, -5*i = 3*u + 11 - 100. Let k = -8 + i. What is the remainder when a(k) is divided by 14?
11
Suppose 0 = 2*x - 5 - 1. Let l = 3 - 0. Suppose 2*y - 5*y - l*a + 12 = 0, 4*y - 2*a - 16 = 0. What is the remainder when y is divided by x?
1
Suppose -363 = -4*v - 5*z, -4*v + z - 177 = -6*v. What is the remainder when v is divided by 18?
15
Let n(y) = y**2 - 9*y + 17. Calculate the remainder when n(7) is divided by 2.
1
What is the remainder when ((-3)/(-9)*-2)/(4/(-822)) is divided by 35?
32
Suppose 0*b - b + 6 = 0. Let v(y) = -10*y**3 + 3*y**2 + 5*y + 2. Calculate the remainder when v(-1) is divided by b.
4
Suppose 4*y - 89 = 3*k - 8*k, -16 = 4*y. Suppose 2*p = k + 31. Calculate the remainder when p is divided by 14.
12
Suppose -10 + 62 = 4*z. What is the remainder when 23 is divided by z?
10
Suppose -3*b + 2 = 4*t + 6, 2*b = 5*t - 18. Suppose -t*z - 3*y = -84, -4 = -0*y - 2*y. What is the remainder when z is divided by 14?
11
Let u = -82 - -98. What is the remainder when 95 is divided by u?
15
What is the remainder when 1/(-6)*2 - 2512/(-48) is divided by 18?
16
Suppose 5*d = j - 39, -3*j - 2*d + 57 = 3*d. Calculate the remainder when 46 is divided by j.
22
Suppose -4*c + 125 = c. Let u = c + -12. Let n(d) = -3*d - 10. Calculate the remainder when n(-16) is divided by u.
12
Let h(m) = -m**3 - 11*m**2 + 8*m - 17. Let q(c) = 14*c + 2. Let p be q(-1). What is the remainder when h(p) is divided by 16?
15
Suppose 9*z + 31 = 2*c + 10*z, -c + 23 = -2*z. Calculate the remainder when 150 is divided by c.
14
Suppose -2*r - 91 = -5*j, 0*j - 49 = -2*j + 5*r. What is the remainder when 48 is divided by j?
14
Suppose -3*l = 2*m - 3, 3*m + l - 3*l + 2 = 0. Let d(s) = -s**3 - s**2 - s + 9. What is the remainder when 34 is divided by d(m)?
7
What is the remainder when 153 is divided by 3/12 - (-275)/20?
13
Let y(l) = -2*l**3 + 2*l + 40. What is the remainder when y(0) is divided by 21?
19
Suppose -1 = 3*g - 16. Suppose -2*a + 13 - g = 0, 52 = 4*v + 2*a. Let j = -92 + 113. What is the remainder when j is divided by v?
10
Let y = -21 - -23. Calculate the remainder when y is divided by 1.
0
Suppose 0 = -d - 0 - 6. Let c = 14 - d. What is the remainder when 77 is divided by c?
17
Let t = 5 - 2. Suppose 0 = -t*n - 0*n + 6. Suppose -n*z + 0*z + 20 = -4*w, -2*z + 17 = -w. What is the remainder when 23 is divided by z?
7
Let s = -24 + 61. Let l = s - 26. Let t = 6 + l. Calculate the remainder when t is divided by 6.
5
What is the remainder when (-3 - (0 - -1 - -42))*-1 is divided by 6?
4
Let n be (-44)/(-3) + 2/(-3). Suppose 0*g = -2*g + n. Suppose 9 = 4*a - g. Calculate the remainder when 10 is divided by a.
2
Let v(h) = -h**2 - 10*h - 6. Calculate the remainder when v(-4) is divided by 3.
0
Suppose 4*r = 54 - 18. Calculate the remainder when r is divided by 4.
1
Let r(o) = o**3 + 2*o + 23. Calculate the remainder when r(0) is divided by 7.
2
Let l be (210/(9/3))/1. Suppose 5*q = -4*z + 100, l = 5*q - 2*z - 0*z. Suppose -i = 2*i - 18. Calculate the remainder when q is divided by i.
4
Let y(d) = d - 1. Let r(j) = j - 35. Let i(u) = -r(u) + 2*y(u). Suppose 0 = -4*t + 3*t. What is the remainder when i(t) is divided by 17?
16
Let g = 4 + -2. Let y = 0 - -2. Wh